 the hundreds digit of y?
7
Suppose -34*x - 12108 = -567736. What is the ten thousands digit of x?
1
Suppose z = 16023 + 51083. What is the thousands digit of z?
7
Suppose 3*o + 9 = 3*y + 30, 2*o = -y - 4. Let k be 623/(-3)*y/2. Suppose 4*b - 245 - k = 0. What is the hundreds digit of b?
2
Let m be -2*(0 + 4 - 15). Let f = 24 - m. Suppose 3*c + f*z + 0 = 6, 3*z = 0. What is the units digit of c?
2
Suppose 3*w + 4*k - 34 = 63, 3*w = 4*k + 65. Suppose 0 = -4*a + w*a - 13662. What is the hundreds digit of a?
5
Let r be 3/(-8)*-2*(9 - 1). Suppose 0 = 2*k + 4*o - 184, 0 = -4*k + r*o - 2*o + 368. What is the tens digit of k?
9
Suppose -109*m + 63518 = -105*m - 2*j, 31755 = 2*m - 5*j. What is the units digit of m?
0
Let y(l) = -l + 1. Let q(p) = 126. Let b(a) = -q(a) - 4*y(a). Let z be b(0). Let j = z + 191. What is the units digit of j?
1
Let p(m) = 342*m**2 - 8*m + 20. Let t be p(4). Suppose 0 = 4*k - k + 3*g + t, 7272 = -4*k - 2*g. What is the units digit of ((-6 + 9)/(-12))/(2/k)?
7
What is the hundreds digit of 66 - 83 - 19535/(-1)?
5
Suppose 5*n + 29 + 31 = 0. Let m be (-1236)/8*n/9. What is the units digit of ((-9)/6)/((-3)/m)?
3
Let l = 37 + -49. Let b be 1568/l*6/(-2). Suppose 5*o = b - 87. What is the units digit of o?
1
Suppose -2*o = 2*q - 2034, 4*q + 0*o = o + 4038. What is the thousands digit of q?
1
Suppose 5*r - t - 577 - 654 = 0, -t + 4 = 0. Suppose -113 = -5*m - 18. Let u = r + m. What is the hundreds digit of u?
2
Let n(s) = s**2 + 11*s - 6. Let w be n(-11). What is the tens digit of ((-6772)/(-2))/(w - -8)?
9
Let p = -473 + -145. Let j = -347 - p. What is the hundreds digit of j?
2
Suppose 0 = 66*n - 62*n - 340. Let v = n + -84. What is the units digit of v?
1
What is the thousands digit of 822280/104 + (-36)/(-78)?
7
Let n(a) = a**2 + 6*a - 16. Let b be n(3). Suppose -9*g + b*g = 1684. What is the tens digit of g?
4
Let x(v) = 3*v**3 + 11*v - 22. Let r = 345 - 340. What is the units digit of x(r)?
8
Let g = 88 + -51. Suppose -34*v = -g*v + 228. What is the units digit of v?
6
Let i(h) be the second derivative of 89*h**3/6 - h**2/2 + 46*h. Let b be i(2). What is the units digit of (-2 - (1 + -2)) + b + -14?
2
Let v(y) = -145*y + 152 - 161 - 13*y. What is the units digit of v(-2)?
7
Let v(r) = 9 - 3 - 7 + 472*r**2 + 3*r + 58*r**2. What is the units digit of v(-1)?
6
What is the hundreds digit of -44 + -40 + 86 - 2*(-702)/4?
3
Suppose 2*c = 3*z - 83, -68 = z - 3*z - 5*c. Suppose -2*h - 2*o + z = -3*o, 4*h + 5*o = 23. Let j = 24 + h. What is the units digit of j?
6
Let j(b) = -8*b**2 + b + 1. Let d be j(1). Let u = 7 - 142. Let m = d - u. What is the hundreds digit of m?
1
Suppose -7*v + 5664 = -15*v. Let a = v + 1508. What is the units digit of (-16)/12 + a/6?
2
Let h(q) be the first derivative of -q**4 - 7*q**3/3 - 7*q**2/2 + q + 33. What is the tens digit of h(-5)?
6
Let m = 23 + -93. Let j = -66 - m. What is the units digit of (2 - 1) + j*108/8?
5
Let l be (30/(-4))/(3/(-2)). What is the tens digit of (l - 183)*14/(-7)?
5
Suppose 0 = -7*p + 383 - 376, -5*y = -3*p - 153272. What is the units digit of y?
5
Let r = 27 - 19. Let i(s) = s**2 - 10*s + 17. Let z be i(r). What is the units digit of 3/z + (-15)/5 + 103?
3
What is the tens digit of (2 - -1) + -22 - -81261?
4
Let z be 57960/(-11) + 8/88. Let t = -3692 - z. What is the units digit of t?
7
Suppose 0 = -4*y + 9*y - 3*c + 41, 0 = 5*y - 5*c + 35. What is the units digit of ((-635)/y)/(4/16)?
4
Suppose -5*f + r = -67, -r - 17 = -f - 2*r. Let h be 1908/14 + (-4)/f. Suppose 7*i + i = h. What is the tens digit of i?
1
Suppose 17*z = 33*z + 96. What is the units digit of (-9)/(-3) + z - -370?
7
Let m(y) = -509*y**3 + 4*y**2 + y + 4. What is the units digit of m(-1)?
6
Let q = 29 + -17. Suppose -l + 6 = o + 4*o, 3*l + 5*o = -q. Let h(k) = -6*k + 10. What is the units digit of h(l)?
4
Suppose 2*k = 6*k - 4*m, 0 = 3*m - 12. Let i(a) = 30*a**2 - 2*a + 3. What is the tens digit of i(k)?
7
Let v(p) be the first derivative of -33*p**2/2 + 3*p - 22. What is the units digit of v(-1)?
6
Suppose 29366 = 16*q - 103354. What is the thousands digit of q?
8
Let r(c) = 21*c**2 + 28*c - 7. Let s be r(-11). Let d = s + -1498. What is the hundreds digit of d?
7
What is the hundreds digit of ((-43554)/189)/(4/(-36))?
0
What is the units digit of (6 - -1776) + 14/(-7)?
0
Let c = 1384 - 724. Let r = 1005 - c. What is the units digit of r?
5
Suppose -44 + 59 = 5*d. Suppose -4 = -p, -3*t + d*p + 198 = -0*p. What is the tens digit of t/8*(4 + 4)?
7
Suppose k = 2*z + 2100 - 14091, -5*z = -3*k - 29976. What is the thousands digit of z?
5
Let x = 1173 + 167. Let s = x - 537. What is the tens digit of s?
0
Suppose -4*t = -w - 29, -4*t + 4*w + 26 = -3*t. Let o(l) = 62*l - 33. Let d be o(t). Suppose 18*k = 15*k + d. What is the hundreds digit of k?
1
Let h(z) = -967*z - 1530. What is the thousands digit of h(-4)?
2
Let m be (-39)/(5 - 448/91). Let r = m + 859. What is the tens digit of r?
5
Suppose 0 = -5*m + 35, -4*m - 238407 = -5*q + 10940. What is the tens digit of q?
7
Suppose -33*i + 54675 = -30*i - 3*j, 2*j = -2*i + 36486. What is the units digit of i?
4
Let m(v) be the second derivative of v**5/20 + 37*v**4/12 + 3*v**3 + 11*v**2 + 74*v + 2. What is the hundreds digit of m(-36)?
6
Suppose -22*l = -27*l + 5. Suppose 2*c + 5 - l = 0. What is the units digit of (-6)/(-4)*c/3 - -117?
6
Let i(b) = 32*b**2 + 2*b - 6. Suppose -4*x = 2*d + 12, -5*d + 4*x + 35 = 9. Suppose 4*r + 3*g - 5 = 0, 4*r + r - d*g = 12. What is the tens digit of i(r)?
2
Let d(l) = -7745*l**3 - 22*l**2 - 20*l + 3. What is the hundreds digit of d(-1)?
7
Suppose 0 = -t - 4*b + 48525, 0 = -37*t + 33*t - b + 194100. What is the units digit of t?
5
Suppose 5 = 5*i - 4*i. Let y be 186 - ((-11)/11 - (1 - i)). Suppose q + y = 2*k, -5*k - 2*q + 441 = q. What is the units digit of k?
0
Let u = 11404 + 18947. What is the hundreds digit of u?
3
Suppose -92*m = 54040 - 1319197 + 176521. What is the units digit of m?
3
Suppose 28*p + 544 = 24*p. Let o = 251 + p. What is the tens digit of o?
1
Let k = -50 - -62. Suppose 3*u + 3*u = 84. Let y = u + k. What is the units digit of y?
6
Let b = 24003 + -8757. What is the hundreds digit of b?
2
Let f(a) = 11*a - 194. Let h be f(18). Suppose 13*c = 9*c - h*j + 3268, -2447 = -3*c - 2*j. What is the tens digit of c?
1
Suppose -n + 4 = -2*t, 2*t + 0*t = 0. Let b be n/3 + 6/9. Suppose -o + 72 - 8 = -4*c, 3*o - b*c = 202. What is the units digit of o?
8
Suppose 0 = -4*q - 2*f + 5*f + 13886, 6942 = 2*q - 2*f. Let l = -2475 + q. What is the units digit of l?
8
Let a = -143 - -286. Suppose i + a - 1223 = -3*t, 0 = t - 3*i - 370. What is the units digit of t?
1
Let u be (-255)/(-5) + -8 - 2*1. Suppose -u*n + 44*n = 744. What is the units digit of n?
8
Suppose 2*o - 4*v = 6, 5*o - v - v = -1. Let k be (-2 + 1)/1 - o*3. Suppose -4*q + k*p = p - 279, q - 51 = 4*p. What is the units digit of q?
1
Suppose -3*q = 5*a - 15504, 5*q + 15480 = 6*a - a. What is the hundreds digit of a?
0
What is the thousands digit of 47836 + 3/(-21)*-63?
7
Let o(n) = -1. Let l(g) = -59*g + 4. Let p(b) = -l(b) - 4*o(b). Let z be p(1). Let u = z - -10. What is the units digit of u?
9
Suppose -2*a - 2 = 4*x - 148, 4*x = 20. Let m = a - 42. Suppose 4*q + 13 = m. What is the units digit of q?
2
Suppose 112*w = 126*w - 29736. What is the hundreds digit of w?
1
Suppose -11*a - 11*a + 19416 = -146618. What is the hundreds digit of a?
5
Let w(k) be the second derivative of -77*k**3/6 - 81*k**2/2 + 67*k - 1. What is the hundreds digit of w(-14)?
9
Let h(f) = 239*f - 13. Suppose -3*u + 5*z + 7 + 7 = 0, -u + 1 = 2*z. What is the hundreds digit of h(u)?
7
Let b(c) = 214*c - 12340. What is the units digit of b(144)?
6
Let i = 135155 + -85964. What is the units digit of i?
1
Suppose 2*b = 5*v + 78968, 188052 + 9284 = 5*b - 2*v. What is the units digit of b?
4
Suppose 3*k + 73383 = 3*w, 73*k - 71*k = -6. What is the units digit of w?
8
Suppose 0*a + a = -255. Let v be ((-12)/(-15))/((-6)/a). Suppose 2*p + g - 42 = 0, 5*g - v = -14. What is the units digit of p?
9
Suppose 3*w - 5*m = -653, 6*m - 9*m = -3*w - 657. Let p = w + 374. What is the hundreds digit of p?
1
What is the units digit of 3 - (-6341 + -10 + 15)?
9
Let r be ((7 - 3) + -1)/((-1)/(-1)). Suppose r